{"id":3805,"date":"2018-09-19T20:39:35","date_gmt":"2018-09-19T18:39:35","guid":{"rendered":"https:\/\/antonitolmos.com\/?post_type=project&#038;p=3805"},"modified":"2024-06-29T08:39:45","modified_gmt":"2024-06-29T06:39:45","slug":"no-surrender-festival","status":"publish","type":"project","link":"https:\/\/antonitolmos.com\/ca\/edicio\/no-surrender-festival\/","title":{"rendered":"No Surrender Festival"},"content":{"rendered":"<p>El <strong>No Surrender Festival<\/strong> \u00e9s un Festival tribut a Bruce Springsteen on m\u00e9s de 1000 m\u00fasics i sota la direcci\u00f3 musical d&#8217;Antoni Tolmos interpreten a la vegada una can\u00e7\u00f3 del gran Boss. En la primera edici\u00f3 al 2017 es va interpretar el tema &#8220;No surrender&#8221; i en la segona edici\u00f3 del 2018 el tema &#8220;Badlands&#8221;. L&#8217;esdeveniment t\u00e9 lloc al municipi de Vilanova de Bellpuig a l&#8217;estiu.<\/p>\n<p><a href=\"http:\/\/www.nosurrenderfestival.com\/\" target=\"_blank\" rel=\"noopener noreferrer\">Web del Festival<\/a><\/p>\n<p><strong>2019 TERCERA EDICI\u00d3 &#8220;Glory Days&#8221;<\/strong><\/p>\n<p><iframe loading=\"lazy\" title=\"No Surrender Festival 2019- Glory Days- Bruce Springsteen tribute Official Video\" width=\"1080\" height=\"608\" src=\"https:\/\/www.youtube.com\/embed\/qc_o9qkzb6o?feature=oembed\" frameborder=\"0\" allow=\"accelerometer; autoplay; encrypted-media; gyroscope; picture-in-picture\" allowfullscreen><\/iframe><\/p>\n<p><strong>2018 SEGONA EDICI\u00d3 &#8220;Badlands&#8221;<\/strong><\/p>\n<p><iframe loading=\"lazy\" title=\"No Surrender Festival 2018- Badlands - Bruce Springsteen tribute Official Video\" width=\"1080\" height=\"608\" src=\"https:\/\/www.youtube.com\/embed\/tVRY_5wtDHA?feature=oembed\" frameborder=\"0\" allow=\"accelerometer; autoplay; encrypted-media; gyroscope; picture-in-picture\" allowfullscreen><\/iframe><\/p>\n<p><strong>2017 PRIMERA EDICI\u00d3 &#8220;No surrender&#8221;<\/strong><\/p>\n<p><iframe loading=\"lazy\" title=\"No Surrender Festival - Bruce Springsteen tribute Official Video\" width=\"1080\" height=\"608\" src=\"https:\/\/www.youtube.com\/embed\/alorNxGo0FM?feature=oembed\" frameborder=\"0\" allow=\"accelerometer; autoplay; encrypted-media; gyroscope; picture-in-picture\" allowfullscreen><\/iframe><\/p>\n<p>&nbsp;<\/p>\n<p>&nbsp;<\/p>\n<p>&nbsp;<\/p>\n","protected":false},"excerpt":{"rendered":"<p>El No Surrender Festival \u00e9s un Festival tribut a Bruce Springsteen on m\u00e9s de 1000 m\u00fasics i sota la direcci\u00f3 musical d&#8217;Antoni Tolmos interpreten a la vegada una can\u00e7\u00f3 del gran Boss. En la primera edici\u00f3 al 2017 es va interpretar el tema &#8220;No surrender&#8221; i en la segona edici\u00f3 del 2018 el tema &#8220;Badlands&#8221;. [&hellip;]<\/p>\n","protected":false},"author":2,"featured_media":3808,"comment_status":"closed","ping_status":"closed","template":"","meta":{"_et_pb_use_builder":"","_et_pb_old_content":"","_et_gb_content_width":"","footnotes":""},"project_category":[],"project_tag":[],"class_list":["post-3805","project","type-project","status-publish","has-post-thumbnail","hentry"],"yoast_head":"<!-- This site is optimized with the Yoast SEO plugin v27.5 - https:\/\/yoast.com\/product\/yoast-seo-wordpress\/ -->\n<title>No Surrender Festival - Antoni Tolmos - pianist, composer &amp; lecturer<\/title>\n<meta name=\"robots\" content=\"index, follow, max-snippet:-1, max-image-preview:large, max-video-preview:-1\" \/>\n<link rel=\"canonical\" href=\"https:\/\/antonitolmos.com\/edicio\/no-surrender-festival\/\" \/>\n<meta property=\"og:locale\" content=\"ca_ES\" \/>\n<meta property=\"og:type\" content=\"article\" \/>\n<meta property=\"og:title\" content=\"No Surrender Festival - Antoni Tolmos - pianist, composer &amp; lecturer\" \/>\n<meta property=\"og:description\" content=\"El No Surrender Festival \u00e9s un Festival tribut a Bruce Springsteen on m\u00e9s de 1000 m\u00fasics i sota la direcci\u00f3 musical d&#8217;Antoni Tolmos interpreten a la vegada una can\u00e7\u00f3 del gran Boss. En la primera edici\u00f3 al 2017 es va interpretar el tema &#8220;No surrender&#8221; i en la segona edici\u00f3 del 2018 el tema &#8220;Badlands&#8221;. [&hellip;]\" \/>\n<meta property=\"og:url\" content=\"https:\/\/antonitolmos.com\/edicio\/no-surrender-festival\/\" \/>\n<meta property=\"og:site_name\" content=\"Antoni Tolmos - pianist, composer &amp; lecturer\" \/>\n<meta property=\"article:modified_time\" content=\"2024-06-29T06:39:45+00:00\" \/>\n<meta property=\"og:image\" content=\"https:\/\/antonitolmos.com\/files\/Captura-de-pantalla-2018-09-19-20.38.56.png\" \/>\n\t<meta property=\"og:image:width\" content=\"737\" \/>\n\t<meta property=\"og:image:height\" content=\"552\" \/>\n\t<meta property=\"og:image:type\" content=\"image\/png\" \/>\n<meta name=\"twitter:card\" content=\"summary_large_image\" \/>\n<meta name=\"twitter:label1\" content=\"Temps estimat de lectura\" \/>\n\t<meta name=\"twitter:data1\" content=\"1 minut\" \/>\n<script type=\"application\/ld+json\" class=\"yoast-schema-graph\">{\"@context\":\"https:\\\/\\\/schema.org\",\"@graph\":[{\"@type\":\"WebPage\",\"@id\":\"https:\\\/\\\/antonitolmos.com\\\/edicio\\\/no-surrender-festival\\\/\",\"url\":\"https:\\\/\\\/antonitolmos.com\\\/edicio\\\/no-surrender-festival\\\/\",\"name\":\"No Surrender Festival - Antoni Tolmos - pianist, composer &amp; lecturer\",\"isPartOf\":{\"@id\":\"https:\\\/\\\/antonitolmos.com\\\/es\\\/#website\"},\"primaryImageOfPage\":{\"@id\":\"https:\\\/\\\/antonitolmos.com\\\/edicio\\\/no-surrender-festival\\\/#primaryimage\"},\"image\":{\"@id\":\"https:\\\/\\\/antonitolmos.com\\\/edicio\\\/no-surrender-festival\\\/#primaryimage\"},\"thumbnailUrl\":\"https:\\\/\\\/antonitolmos.com\\\/files\\\/Captura-de-pantalla-2018-09-19-20.38.56.png\",\"datePublished\":\"2018-09-19T18:39:35+00:00\",\"dateModified\":\"2024-06-29T06:39:45+00:00\",\"breadcrumb\":{\"@id\":\"https:\\\/\\\/antonitolmos.com\\\/edicio\\\/no-surrender-festival\\\/#breadcrumb\"},\"inLanguage\":\"ca\",\"potentialAction\":[{\"@type\":\"ReadAction\",\"target\":[\"https:\\\/\\\/antonitolmos.com\\\/edicio\\\/no-surrender-festival\\\/\"]}]},{\"@type\":\"ImageObject\",\"inLanguage\":\"ca\",\"@id\":\"https:\\\/\\\/antonitolmos.com\\\/edicio\\\/no-surrender-festival\\\/#primaryimage\",\"url\":\"https:\\\/\\\/antonitolmos.com\\\/files\\\/Captura-de-pantalla-2018-09-19-20.38.56.png\",\"contentUrl\":\"https:\\\/\\\/antonitolmos.com\\\/files\\\/Captura-de-pantalla-2018-09-19-20.38.56.png\",\"width\":737,\"height\":552},{\"@type\":\"BreadcrumbList\",\"@id\":\"https:\\\/\\\/antonitolmos.com\\\/edicio\\\/no-surrender-festival\\\/#breadcrumb\",\"itemListElement\":[{\"@type\":\"ListItem\",\"position\":1,\"name\":\"Inici\",\"item\":\"https:\\\/\\\/antonitolmos.com\\\/ca\\\/\"},{\"@type\":\"ListItem\",\"position\":2,\"name\":\"Proyectos\",\"item\":\"https:\\\/\\\/antonitolmos.com\\\/es\\\/edicion\\\/\"},{\"@type\":\"ListItem\",\"position\":3,\"name\":\"No Surrender Festival\"}]},{\"@type\":\"WebSite\",\"@id\":\"https:\\\/\\\/antonitolmos.com\\\/es\\\/#website\",\"url\":\"https:\\\/\\\/antonitolmos.com\\\/es\\\/\",\"name\":\"Antoni Tolmos - pianist, composer &amp; lecturer\",\"description\":\"pianista &amp; coach art\u00edstic\",\"potentialAction\":[{\"@type\":\"SearchAction\",\"target\":{\"@type\":\"EntryPoint\",\"urlTemplate\":\"https:\\\/\\\/antonitolmos.com\\\/es\\\/?s={search_term_string}\"},\"query-input\":{\"@type\":\"PropertyValueSpecification\",\"valueRequired\":true,\"valueName\":\"search_term_string\"}}],\"inLanguage\":\"ca\"}]}<\/script>\n<!-- \/ Yoast SEO plugin. -->","yoast_head_json":{"title":"No Surrender Festival - Antoni Tolmos - pianist, composer &amp; lecturer","robots":{"index":"index","follow":"follow","max-snippet":"max-snippet:-1","max-image-preview":"max-image-preview:large","max-video-preview":"max-video-preview:-1"},"canonical":"https:\/\/antonitolmos.com\/edicio\/no-surrender-festival\/","og_locale":"ca_ES","og_type":"article","og_title":"No Surrender Festival - Antoni Tolmos - pianist, composer &amp; lecturer","og_description":"El No Surrender Festival \u00e9s un Festival tribut a Bruce Springsteen on m\u00e9s de 1000 m\u00fasics i sota la direcci\u00f3 musical d&#8217;Antoni Tolmos interpreten a la vegada una can\u00e7\u00f3 del gran Boss. En la primera edici\u00f3 al 2017 es va interpretar el tema &#8220;No surrender&#8221; i en la segona edici\u00f3 del 2018 el tema &#8220;Badlands&#8221;. [&hellip;]","og_url":"https:\/\/antonitolmos.com\/edicio\/no-surrender-festival\/","og_site_name":"Antoni Tolmos - pianist, composer &amp; lecturer","article_modified_time":"2024-06-29T06:39:45+00:00","og_image":[{"width":737,"height":552,"url":"https:\/\/antonitolmos.com\/files\/Captura-de-pantalla-2018-09-19-20.38.56.png","type":"image\/png"}],"twitter_card":"summary_large_image","twitter_misc":{"Temps estimat de lectura":"1 minut"},"schema":{"@context":"https:\/\/schema.org","@graph":[{"@type":"WebPage","@id":"https:\/\/antonitolmos.com\/edicio\/no-surrender-festival\/","url":"https:\/\/antonitolmos.com\/edicio\/no-surrender-festival\/","name":"No Surrender Festival - Antoni Tolmos - pianist, composer &amp; lecturer","isPartOf":{"@id":"https:\/\/antonitolmos.com\/es\/#website"},"primaryImageOfPage":{"@id":"https:\/\/antonitolmos.com\/edicio\/no-surrender-festival\/#primaryimage"},"image":{"@id":"https:\/\/antonitolmos.com\/edicio\/no-surrender-festival\/#primaryimage"},"thumbnailUrl":"https:\/\/antonitolmos.com\/files\/Captura-de-pantalla-2018-09-19-20.38.56.png","datePublished":"2018-09-19T18:39:35+00:00","dateModified":"2024-06-29T06:39:45+00:00","breadcrumb":{"@id":"https:\/\/antonitolmos.com\/edicio\/no-surrender-festival\/#breadcrumb"},"inLanguage":"ca","potentialAction":[{"@type":"ReadAction","target":["https:\/\/antonitolmos.com\/edicio\/no-surrender-festival\/"]}]},{"@type":"ImageObject","inLanguage":"ca","@id":"https:\/\/antonitolmos.com\/edicio\/no-surrender-festival\/#primaryimage","url":"https:\/\/antonitolmos.com\/files\/Captura-de-pantalla-2018-09-19-20.38.56.png","contentUrl":"https:\/\/antonitolmos.com\/files\/Captura-de-pantalla-2018-09-19-20.38.56.png","width":737,"height":552},{"@type":"BreadcrumbList","@id":"https:\/\/antonitolmos.com\/edicio\/no-surrender-festival\/#breadcrumb","itemListElement":[{"@type":"ListItem","position":1,"name":"Inici","item":"https:\/\/antonitolmos.com\/ca\/"},{"@type":"ListItem","position":2,"name":"Proyectos","item":"https:\/\/antonitolmos.com\/es\/edicion\/"},{"@type":"ListItem","position":3,"name":"No Surrender Festival"}]},{"@type":"WebSite","@id":"https:\/\/antonitolmos.com\/es\/#website","url":"https:\/\/antonitolmos.com\/es\/","name":"Antoni Tolmos - pianist, composer &amp; lecturer","description":"pianista &amp; coach art\u00edstic","potentialAction":[{"@type":"SearchAction","target":{"@type":"EntryPoint","urlTemplate":"https:\/\/antonitolmos.com\/es\/?s={search_term_string}"},"query-input":{"@type":"PropertyValueSpecification","valueRequired":true,"valueName":"search_term_string"}}],"inLanguage":"ca"}]}},"_links":{"self":[{"href":"https:\/\/antonitolmos.com\/ca\/wp-json\/wp\/v2\/project\/3805","targetHints":{"allow":["GET"]}}],"collection":[{"href":"https:\/\/antonitolmos.com\/ca\/wp-json\/wp\/v2\/project"}],"about":[{"href":"https:\/\/antonitolmos.com\/ca\/wp-json\/wp\/v2\/types\/project"}],"author":[{"embeddable":true,"href":"https:\/\/antonitolmos.com\/ca\/wp-json\/wp\/v2\/users\/2"}],"replies":[{"embeddable":true,"href":"https:\/\/antonitolmos.com\/ca\/wp-json\/wp\/v2\/comments?post=3805"}],"version-history":[{"count":3,"href":"https:\/\/antonitolmos.com\/ca\/wp-json\/wp\/v2\/project\/3805\/revisions"}],"predecessor-version":[{"id":4620,"href":"https:\/\/antonitolmos.com\/ca\/wp-json\/wp\/v2\/project\/3805\/revisions\/4620"}],"wp:featuredmedia":[{"embeddable":true,"href":"https:\/\/antonitolmos.com\/ca\/wp-json\/wp\/v2\/media\/3808"}],"wp:attachment":[{"href":"https:\/\/antonitolmos.com\/ca\/wp-json\/wp\/v2\/media?parent=3805"}],"wp:term":[{"taxonomy":"project_category","embeddable":true,"href":"https:\/\/antonitolmos.com\/ca\/wp-json\/wp\/v2\/project_category?post=3805"},{"taxonomy":"project_tag","embeddable":true,"href":"https:\/\/antonitolmos.com\/ca\/wp-json\/wp\/v2\/project_tag?post=3805"}],"curies":[{"name":"wp","href":"https:\/\/api.w.org\/{rel}","templated":true}]}}

<p>El <strong>No Surrender Festival</strong> és un Festival tribut a Bruce Springsteen on més de 1000 músics i sota la direcció musical d&#8217;Antoni Tolmos interpreten a la vegada una cançó del gran Boss. En la primera edició al 2017 es va interpretar el tema &#8220;No surrender&#8221; i en la segona edició del 2018 el tema &#8220;Badlands&#8221;. L&#8217;esdeveniment té lloc al municipi de Vilanova de Bellpuig a l&#8217;estiu.</p>
<p><a href="http://www.nosurrenderfestival.com/" target="_blank" rel="noopener noreferrer">Web del Festival</a></p>
<p><strong>2019 TERCERA EDICIÓ &#8220;Glory Days&#8221;</strong></p>
<p><iframe loading="lazy" title="No Surrender Festival 2019- Glory Days- Bruce Springsteen tribute Official Video" width="1080" height="608" src="https://www.youtube.com/embed/qc_o9qkzb6o?feature=oembed" frameborder="0" allow="accelerometer; autoplay; encrypted-media; gyroscope; picture-in-picture" allowfullscreen></iframe></p>
<p><strong>2018 SEGONA EDICIÓ &#8220;Badlands&#8221;</strong></p>
<p><iframe loading="lazy" title="No Surrender Festival 2018- Badlands - Bruce Springsteen tribute Official Video" width="1080" height="608" src="https://www.youtube.com/embed/tVRY_5wtDHA?feature=oembed" frameborder="0" allow="accelerometer; autoplay; encrypted-media; gyroscope; picture-in-picture" allowfullscreen></iframe></p>
<p><strong>2017 PRIMERA EDICIÓ &#8220;No surrender&#8221;</strong></p>
<p><iframe loading="lazy" title="No Surrender Festival - Bruce Springsteen tribute Official Video" width="1080" height="608" src="https://www.youtube.com/embed/alorNxGo0FM?feature=oembed" frameborder="0" allow="accelerometer; autoplay; encrypted-media; gyroscope; picture-in-picture" allowfullscreen></iframe></p>
<p>&nbsp;</p>
<p>&nbsp;</p>
<p>&nbsp;</p>

<p>El No Surrender Festival és un Festival tribut a Bruce Springsteen on més de 1000 músics i sota la direcció musical d&#8217;Antoni Tolmos interpreten a la vegada una cançó del gran Boss. En la primera edició al 2017 es va interpretar el tema &#8220;No surrender&#8221; i en la segona edició del 2018 el tema &#8220;Badlands&#8221;. [&hellip;]</p>

<!-- This site is optimized with the Yoast SEO plugin v27.5 - https://yoast.com/product/yoast-seo-wordpress/ -->
<title>No Surrender Festival - Antoni Tolmos - pianist, composer &amp; lecturer</title>
<meta name="robots" content="index, follow, max-snippet:-1, max-image-preview:large, max-video-preview:-1" />
<link rel="canonical" href="https://antonitolmos.com/edicio/no-surrender-festival/" />
<meta property="og:locale" content="ca_ES" />
<meta property="og:type" content="article" />
<meta property="og:title" content="No Surrender Festival - Antoni Tolmos - pianist, composer &amp; lecturer" />
<meta property="og:description" content="El No Surrender Festival és un Festival tribut a Bruce Springsteen on més de 1000 músics i sota la direcció musical d&#8217;Antoni Tolmos interpreten a la vegada una cançó del gran Boss. En la primera edició al 2017 es va interpretar el tema &#8220;No surrender&#8221; i en la segona edició del 2018 el tema &#8220;Badlands&#8221;. [&hellip;]" />
<meta property="og:url" content="https://antonitolmos.com/edicio/no-surrender-festival/" />
<meta property="og:site_name" content="Antoni Tolmos - pianist, composer &amp; lecturer" />
<meta property="article:modified_time" content="2024-06-29T06:39:45+00:00" />
<meta property="og:image" content="https://antonitolmos.com/files/Captura-de-pantalla-2018-09-19-20.38.56.png" />
	<meta property="og:image:width" content="737" />
	<meta property="og:image:height" content="552" />
	<meta property="og:image:type" content="image/png" />
<meta name="twitter:card" content="summary_large_image" />
<meta name="twitter:label1" content="Temps estimat de lectura" />
	<meta name="twitter:data1" content="1 minut" />
<script type="application/ld+json" class="yoast-schema-graph">{"@context":"https:\/\/schema.org","@graph":[{"@type":"WebPage","@id":"https:\/\/antonitolmos.com\/edicio\/no-surrender-festival\/","url":"https:\/\/antonitolmos.com\/edicio\/no-surrender-festival\/","name":"No Surrender Festival - Antoni Tolmos - pianist, composer &amp; lecturer","isPartOf":{"@id":"https:\/\/antonitolmos.com\/es\/#website"},"primaryImageOfPage":{"@id":"https:\/\/antonitolmos.com\/edicio\/no-surrender-festival\/#primaryimage"},"image":{"@id":"https:\/\/antonitolmos.com\/edicio\/no-surrender-festival\/#primaryimage"},"thumbnailUrl":"https:\/\/antonitolmos.com\/files\/Captura-de-pantalla-2018-09-19-20.38.56.png","datePublished":"2018-09-19T18:39:35+00:00","dateModified":"2024-06-29T06:39:45+00:00","breadcrumb":{"@id":"https:\/\/antonitolmos.com\/edicio\/no-surrender-festival\/#breadcrumb"},"inLanguage":"ca","potentialAction":[{"@type":"ReadAction","target":["https:\/\/antonitolmos.com\/edicio\/no-surrender-festival\/"]}]},{"@type":"ImageObject","inLanguage":"ca","@id":"https:\/\/antonitolmos.com\/edicio\/no-surrender-festival\/#primaryimage","url":"https:\/\/antonitolmos.com\/files\/Captura-de-pantalla-2018-09-19-20.38.56.png","contentUrl":"https:\/\/antonitolmos.com\/files\/Captura-de-pantalla-2018-09-19-20.38.56.png","width":737,"height":552},{"@type":"BreadcrumbList","@id":"https:\/\/antonitolmos.com\/edicio\/no-surrender-festival\/#breadcrumb","itemListElement":[{"@type":"ListItem","position":1,"name":"Inici","item":"https:\/\/antonitolmos.com\/ca\/"},{"@type":"ListItem","position":2,"name":"Proyectos","item":"https:\/\/antonitolmos.com\/es\/edicion\/"},{"@type":"ListItem","position":3,"name":"No Surrender Festival"}]},{"@type":"WebSite","@id":"https:\/\/antonitolmos.com\/es\/#website","url":"https:\/\/antonitolmos.com\/es\/","name":"Antoni Tolmos - pianist, composer &amp; lecturer","description":"pianista &amp; coach artístic","potentialAction":[{"@type":"SearchAction","target":{"@type":"EntryPoint","urlTemplate":"https:\/\/antonitolmos.com\/es\/?s={search_term_string}"},"query-input":{"@type":"PropertyValueSpecification","valueRequired":true,"valueName":"search_term_string"}}],"inLanguage":"ca"}]}</script>
<!-- / Yoast SEO plugin. -->

El No Surrender Festival és un Festival tribut a Bruce Springsteen on més de 1000 músics i sota la direcció musical d&#8217;Antoni Tolmos interpreten a la vegada una cançó del gran Boss. En la primera edició al 2017 es va interpretar el tema &#8220;No surrender&#8221; i en la segona edició del 2018 el tema &#8220;Badlands&#8221;. [&hellip;]

pianista &amp; coach artístic
