{"version":"1.0","provider_name":"Antoni Tolmos - pianist, composer &amp; lecturer","provider_url":"https:\/\/antonitolmos.com\/ca\/","title":"Documental i nova versi\u00f3 de \"Can\u00e7\u00f3 de Nadal\" - Antoni Tolmos - pianist, composer &amp; lecturer","type":"rich","width":600,"height":338,"html":"<blockquote class=\"wp-embedded-content\" data-secret=\"KEhpiOydYD\"><a href=\"https:\/\/antonitolmos.com\/ca\/blog\/documental-i-nova-versio-de-canco-de-nadal\/\">Documental i nova versi\u00f3 de &#8220;Can\u00e7\u00f3 de Nadal&#8221;<\/a><\/blockquote><iframe sandbox=\"allow-scripts\" security=\"restricted\" src=\"https:\/\/antonitolmos.com\/ca\/blog\/documental-i-nova-versio-de-canco-de-nadal\/embed\/#?secret=KEhpiOydYD\" width=\"600\" height=\"338\" title=\"&#8220;Documental i nova versi\u00f3 de &#8220;Can\u00e7\u00f3 de Nadal&#8221;&#8221; &#8212; Antoni Tolmos - pianist, composer &amp; lecturer\" data-secret=\"KEhpiOydYD\" frameborder=\"0\" marginwidth=\"0\" marginheight=\"0\" scrolling=\"no\" class=\"wp-embedded-content\"><\/iframe><script type=\"text\/javascript\">\n\/* <![CDATA[ *\/\n\/*! This file is auto-generated *\/\n!function(d,l){\"use strict\";l.querySelector&&d.addEventListener&&\"undefined\"!=typeof URL&&(d.wp=d.wp||{},d.wp.receiveEmbedMessage||(d.wp.receiveEmbedMessage=function(e){var t=e.data;if((t||t.secret||t.message||t.value)&&!\/[^a-zA-Z0-9]\/.test(t.secret)){for(var s,r,n,a=l.querySelectorAll('iframe[data-secret=\"'+t.secret+'\"]'),o=l.querySelectorAll('blockquote[data-secret=\"'+t.secret+'\"]'),c=new RegExp(\"^https?:$\",\"i\"),i=0;i<o.length;i++)o[i].style.display=\"none\";for(i=0;i<a.length;i++)s=a[i],e.source===s.contentWindow&&(s.removeAttribute(\"style\"),\"height\"===t.message?(1e3<(r=parseInt(t.value,10))?r=1e3:~~r<200&&(r=200),s.height=r):\"link\"===t.message&&(r=new URL(s.getAttribute(\"src\")),n=new URL(t.value),c.test(n.protocol))&&n.host===r.host&&l.activeElement===s&&(d.top.location.href=t.value))}},d.addEventListener(\"message\",d.wp.receiveEmbedMessage,!1),l.addEventListener(\"DOMContentLoaded\",function(){for(var e,t,s=l.querySelectorAll(\"iframe.wp-embedded-content\"),r=0;r<s.length;r++)(t=(e=s[r]).getAttribute(\"data-secret\"))||(t=Math.random().toString(36).substring(2,12),e.src+=\"#?secret=\"+t,e.setAttribute(\"data-secret\",t)),e.contentWindow.postMessage({message:\"ready\",secret:t},\"*\")},!1)))}(window,document);\n\/\/# sourceURL=https:\/\/antonitolmos.com\/wp-includes\/js\/wp-embed.min.js\n\/* ]]> *\/\n<\/script>\n","thumbnail_url":"https:\/\/antonitolmos.com\/files\/IG-DOCU-TOLMOS.png","thumbnail_width":1080,"thumbnail_height":1080,"description":"Antoni Tolmos presenta el documental &#8220;Nadales Tolmos. 10 anys&#8221; i la versi\u00f3 2021 de la &#8220;Can\u00e7\u00f3 de Nadal&#8221; cantada en aquesta ocasi\u00f3 per les set solistes que han participat en el projecte Nadales Tolmos dels darrers 10 anys. Amb aquesta publicaci\u00f3 Antoni Tolmos tanca el projecte que ha comptat amb m\u00e9s de 3.000.000 de reproduccions [&hellip;]"}

Documental i nova versió de "Cançó de Nadal" - Antoni Tolmos - pianist, composer &amp; lecturer

<blockquote class="wp-embedded-content" data-secret="KEhpiOydYD"><a href="https://antonitolmos.com/ca/blog/documental-i-nova-versio-de-canco-de-nadal/">Documental i nova versió de &#8220;Cançó de Nadal&#8221;</a></blockquote><iframe sandbox="allow-scripts" security="restricted" src="https://antonitolmos.com/ca/blog/documental-i-nova-versio-de-canco-de-nadal/embed/#?secret=KEhpiOydYD" width="600" height="338" title="&#8220;Documental i nova versió de &#8220;Cançó de Nadal&#8221;&#8221; &#8212; Antoni Tolmos - pianist, composer &amp; lecturer" data-secret="KEhpiOydYD" frameborder="0" marginwidth="0" marginheight="0" scrolling="no" class="wp-embedded-content"></iframe><script type="text/javascript">
/* <![CDATA[ */
/*! This file is auto-generated */
!function(d,l){"use strict";l.querySelector&&d.addEventListener&&"undefined"!=typeof URL&&(d.wp=d.wp||{},d.wp.receiveEmbedMessage||(d.wp.receiveEmbedMessage=function(e){var t=e.data;if((t||t.secret||t.message||t.value)&&!/[^a-zA-Z0-9]/.test(t.secret)){for(var s,r,n,a=l.querySelectorAll('iframe[data-secret="'+t.secret+'"]'),o=l.querySelectorAll('blockquote[data-secret="'+t.secret+'"]'),c=new RegExp("^https?:$","i"),i=0;i<o.length;i++)o[i].style.display="none";for(i=0;i<a.length;i++)s=a[i],e.source===s.contentWindow&&(s.removeAttribute("style"),"height"===t.message?(1e3<(r=parseInt(t.value,10))?r=1e3:~~r<200&&(r=200),s.height=r):"link"===t.message&&(r=new URL(s.getAttribute("src")),n=new URL(t.value),c.test(n.protocol))&&n.host===r.host&&l.activeElement===s&&(d.top.location.href=t.value))}},d.addEventListener("message",d.wp.receiveEmbedMessage,!1),l.addEventListener("DOMContentLoaded",function(){for(var e,t,s=l.querySelectorAll("iframe.wp-embedded-content"),r=0;r<s.length;r++)(t=(e=s[r]).getAttribute("data-secret"))||(t=Math.random().toString(36).substring(2,12),e.src+="#?secret="+t,e.setAttribute("data-secret",t)),e.contentWindow.postMessage({message:"ready",secret:t},"*")},!1)))}(window,document);
//# sourceURL=https://antonitolmos.com/wp-includes/js/wp-embed.min.js
/* ]]> */
</script>

Antoni Tolmos presenta el documental &#8220;Nadales Tolmos. 10 anys&#8221; i la versió 2021 de la &#8220;Cançó de Nadal&#8221; cantada en aquesta ocasió per les set solistes que han participat en el projecte Nadales Tolmos dels darrers 10 anys. Amb aquesta publicació Antoni Tolmos tanca el projecte que ha comptat amb més de 3.000.000 de reproduccions [&hellip;]
